{"id":859,"date":"2022-10-12T14:06:29","date_gmt":"2022-10-12T14:06:29","guid":{"rendered":"https:\/\/vecna.la-studioweb.com\/?page_id=859"},"modified":"2025-05-27T17:03:53","modified_gmt":"2025-05-27T20:03:53","slug":"quemsomos","status":"publish","type":"page","link":"https:\/\/grupobyild.com.br\/index.php\/quemsomos\/","title":{"rendered":"Quem somos"},"content":{"rendered":"\t\t<div data-elementor-type=\"wp-page\" data-elementor-id=\"859\" class=\"elementor elementor-859\">\n\t\t\t\t<div class=\"elementor-element elementor-element-5113ec70 e-con-full e-flex lakit-col-width-auto-no e-container e-root-container elementor-top-section e-con e-parent\" data-id=\"5113ec70\" data-element_type=\"container\" data-e-type=\"container\">\n\t\t\t\t<div class=\"elementor-element elementor-element-3ad02c7b lakit-arrow--showonhover-yes e-transform lakit-dots--vertical-no elementor-widget lastudio-kit elementor-lakit-slides\" data-id=\"3ad02c7b\" data-element_type=\"widget\" data-e-type=\"widget\" data-settings=\"{&quot;_transform_translateX_effect&quot;:{&quot;unit&quot;:&quot;px&quot;,&quot;size&quot;:&quot;&quot;,&quot;sizes&quot;:[]},&quot;_transform_translateX_effect_laptop&quot;:{&quot;unit&quot;:&quot;px&quot;,&quot;size&quot;:&quot;&quot;,&quot;sizes&quot;:[]},&quot;_transform_translateX_effect_tablet&quot;:{&quot;unit&quot;:&quot;px&quot;,&quot;size&quot;:&quot;&quot;,&quot;sizes&quot;:[]},&quot;_transform_translateX_effect_mobile_extra&quot;:{&quot;unit&quot;:&quot;px&quot;,&quot;size&quot;:&quot;&quot;,&quot;sizes&quot;:[]},&quot;_transform_translateX_effect_mobile&quot;:{&quot;unit&quot;:&quot;px&quot;,&quot;size&quot;:&quot;&quot;,&quot;sizes&quot;:[]},&quot;_transform_translateY_effect&quot;:{&quot;unit&quot;:&quot;px&quot;,&quot;size&quot;:&quot;&quot;,&quot;sizes&quot;:[]},&quot;_transform_translateY_effect_laptop&quot;:{&quot;unit&quot;:&quot;px&quot;,&quot;size&quot;:&quot;&quot;,&quot;sizes&quot;:[]},&quot;_transform_translateY_effect_tablet&quot;:{&quot;unit&quot;:&quot;px&quot;,&quot;size&quot;:&quot;&quot;,&quot;sizes&quot;:[]},&quot;_transform_translateY_effect_mobile_extra&quot;:{&quot;unit&quot;:&quot;px&quot;,&quot;size&quot;:&quot;&quot;,&quot;sizes&quot;:[]},&quot;_transform_translateY_effect_mobile&quot;:{&quot;unit&quot;:&quot;px&quot;,&quot;size&quot;:&quot;&quot;,&quot;sizes&quot;:[]}}\" data-widget_type=\"lakit-slides.default\">\n\t\t\t\t\t        <div class=\"lakit-carousel lakit-slides lakit-slides-v2\" data-slider_options=\"{&quot;content_selector&quot;:&quot;.lakit-slide-content&quot;,&quot;content_effect_in&quot;:&quot;fadeInUp&quot;,&quot;content_effect_out&quot;:&quot;fadeOutUp&quot;,&quot;slidesToScroll&quot;:{&quot;desktop&quot;:&quot;1&quot;,&quot;laptop&quot;:&quot;1&quot;,&quot;tablet&quot;:&quot;1&quot;,&quot;mobile_extra&quot;:&quot;1&quot;},&quot;rows&quot;:{&quot;desktop&quot;:&quot;1&quot;,&quot;laptop&quot;:&quot;1&quot;,&quot;tablet&quot;:&quot;1&quot;,&quot;mobile_extra&quot;:&quot;1&quot;},&quot;autoplaySpeed&quot;:9000,&quot;autoplay&quot;:false,&quot;infinite&quot;:true,&quot;centerMode&quot;:false,&quot;pauseOnHover&quot;:false,&quot;pauseOnInteraction&quot;:false,&quot;reverseDirection&quot;:false,&quot;infiniteEffect&quot;:false,&quot;speed&quot;:1000,&quot;arrows&quot;:true,&quot;dots&quot;:false,&quot;variableWidth&quot;:false,&quot;prevArrow&quot;:&quot;.lakit-carousel__prev-arrow-3ad02c7b&quot;,&quot;nextArrow&quot;:&quot;.lakit-carousel__next-arrow-3ad02c7b&quot;,&quot;dotsElm&quot;:&quot;.lakit-carousel__dots_3ad02c7b&quot;,&quot;rtl&quot;:false,&quot;effect&quot;:&quot;coverflow&quot;,&quot;coverflowEffect&quot;:{&quot;rotate&quot;:0,&quot;stretch&quot;:100,&quot;depth&quot;:100,&quot;modifier&quot;:1,&quot;scale&quot;:1},&quot;creativeEffect&quot;:{&quot;translateX&quot;:100},&quot;dotType&quot;:&quot;bullets&quot;,&quot;direction&quot;:&quot;horizontal&quot;,&quot;uniqueID&quot;:&quot;lakit_carousel_3ad02c7b&quot;,&quot;asFor&quot;:&quot;&quot;,&quot;thumbs&quot;:&quot;&quot;,&quot;autoHeight&quot;:false,&quot;scrollbar&quot;:{&quot;enabled&quot;:false,&quot;el&quot;:&quot;.lakit-carousel__scrollbar_3ad02c7b&quot;},&quot;directionbkp&quot;:{&quot;desktop&quot;:&quot;horizontal&quot;,&quot;laptop&quot;:&quot;horizontal&quot;,&quot;tablet&quot;:&quot;horizontal&quot;,&quot;mobile_extra&quot;:&quot;horizontal&quot;},&quot;slidesToShow&quot;:{&quot;desktop&quot;:&quot;1&quot;,&quot;laptop&quot;:&quot;1&quot;,&quot;tablet&quot;:&quot;1&quot;,&quot;mobile_extra&quot;:&quot;1&quot;}}\" dir=\"ltr\">\n            <div class=\"lakit-carousel-inner\">\n                <div class=\"swiper-container\" id=\"lakit_carousel_3ad02c7b\">\n                    <div class=\"swiper-wrapper\">\n                        <div class=\"elementor-repeater-item-eddf9ba  swiper-slide\"><div class=\"lakit-slide-wrapbg\" data-swiper-parallax=\"30%\" data-swiper-parallax-opacity=\"0\"><div class=\"lakit-slide-bg parallax-bg\" data-swiper-parallax=\"-10%\"><\/div><\/div><div class=\"elementor-background-overlay\"><\/div><div  class=\"lakit-slide-inner\"><div class=\"lakit-slide-content\"><div class=\"lakit-slide-heading\"  data-swiper-parallax=\"-250\" data-swiper-parallax-opacity=\"0\">Sa\u00fade<i> acess\u00edvel <\/i> para<BR> a pele de todos<i><\/i><\/div><\/div><\/div><\/div>                    <\/div>\n                <\/div>\n            <\/div>\n            <div class=\"lakit-carousel__prev-arrow-3ad02c7b lakit-arrow prev-arrow\"><svg xmlns=\"http:\/\/www.w3.org\/2000\/svg\" width=\"300\" height=\"300\" viewBox=\"0 0 300 300\" class=\"lakit-font-icon-svg\" data-icon-name=\"arrow-left\" data-icon-type=\"LaStudioIcons\"><path d=\"M54 101.4L5.4 150l48.9 48.9 48.9 48.9 6.6-6.6 6.9-6.9-37.5-37.5-37.5-37.5h239.7v-18.6H41.7l37.5-37.5 37.5-37.5-6.6-6.6c-3.3-3.6-6.6-6.3-6.9-6.3S80.7 74.7 54 101.4\" fill=\"currentColor\"\/><\/svg><\/div><div class=\"lakit-carousel__next-arrow-3ad02c7b lakit-arrow next-arrow\"><svg xmlns=\"http:\/\/www.w3.org\/2000\/svg\" width=\"300\" height=\"300\" viewBox=\"0 0 300 300\" class=\"lakit-font-icon-svg\" data-icon-name=\"arrow-right\" data-icon-type=\"LaStudioIcons\"><path d=\"M189.9 59.1l-6.3 6.6 37.2 37.5 37.5 37.5H18.9v18.6h239.4l-37.5 37.5-37.5 37.5 6.9 6.9 6.6 6.6 48.9-48.9 48.9-48.9-48.6-48.6c-26.7-26.7-48.9-48.6-49.2-48.6s-3.3 2.7-6.9 6.3\" fill=\"currentColor\"\/><\/svg><\/div>        <\/div>\n        \t\t\t\t<\/div>\n\t\t\t\t<\/div>\n\t\t<div class=\"elementor-element elementor-element-b131f53 e-flex e-con-boxed lakit-col-width-auto-no e-container e-root-container elementor-top-section e-con e-parent\" data-id=\"b131f53\" data-element_type=\"container\" data-e-type=\"container\">\n\t\t\t\t\t<div class=\"e-con-inner\">\n\t\t<div class=\"elementor-element elementor-element-3571ba7 e-con-full e-flex lakit-col-width-auto-no e-container e-con e-child\" data-id=\"3571ba7\" data-element_type=\"container\" data-e-type=\"container\">\n\t\t\t\t<div class=\"elementor-element elementor-element-238a99a elementor-widget elementor-widget-image\" data-id=\"238a99a\" data-element_type=\"widget\" data-e-type=\"widget\" data-widget_type=\"image.default\">\n\t\t\t\t<div class=\"elementor-widget-container\">\n\t\t\t\t\t\t\t\t\t\t\t\t\t\t\t<img fetchpriority=\"high\" decoding=\"async\" width=\"563\" height=\"706\" src=\"https:\/\/grupobyild.com.br\/wp-content\/uploads\/2024\/05\/Screenshot-2024-05-22-at-5.27.43-PM.png\" class=\"attachment-full size-full wp-image-2371\" alt=\"\" \/>\t\t\t\t\t\t\t\t\t\t\t\t\t\t\t<\/div>\n\t\t\t\t<\/div>\n\t\t\t\t<\/div>\n\t\t<div class=\"elementor-element elementor-element-114b5d2 e-con-full e-flex lakit-col-width-auto-no e-container e-con e-child\" data-id=\"114b5d2\" data-element_type=\"container\" data-e-type=\"container\">\n\t\t\t\t<div class=\"elementor-element elementor-element-ac3b44d elementor-widget-laptop__width-initial elementor-widget__width-initial elementor-widget elementor-widget-heading\" data-id=\"ac3b44d\" data-element_type=\"widget\" data-e-type=\"widget\" data-widget_type=\"heading.default\">\n\t\t\t\t<div class=\"elementor-widget-container\">\n\t\t\t\t\t<h2 class=\"elementor-heading-title elementor-size-default\">Quem somos?<\/h2>\t\t\t\t<\/div>\n\t\t\t\t<\/div>\n\t\t\t\t<div class=\"elementor-element elementor-element-950232c elementor-widget elementor-widget-text-editor\" data-id=\"950232c\" data-element_type=\"widget\" data-e-type=\"widget\" data-widget_type=\"text-editor.default\">\n\t\t\t\t<div class=\"elementor-widget-container\">\n\t\t\t\t\t\t\t\t\t<p>Somos uma marca inovadora dedicada a transformar vidas atrav\u00e9s de produtos de sa\u00fade de alta qualidade.<\/p><p>Nossa jornada come\u00e7ou com um prop\u00f3sito claro e transformador: <b>restaurar o equil\u00edbrio essencial da sa\u00fade dermatol\u00f3gica na vida de pessoas idosas, acamadas, cadeirantes e diab\u00e9ticas.\u00a0<\/b><\/p><p>Atuamos no mercado atacadista, garantindo que nossos produtos cheguem a um maior n\u00famero de pessoas com pre\u00e7os acess\u00edveis e uma log\u00edstica de entrega eficiente. <strong>Acreditamos que a sa\u00fade deve ser acess\u00edvel a todos.<\/strong><\/p>\t\t\t\t\t\t\t\t<\/div>\n\t\t\t\t<\/div>\n\t\t\t\t<\/div>\n\t\t\t\t\t<\/div>\n\t\t\t\t<\/div>\n\t\t<div class=\"elementor-element elementor-element-ab600cb e-flex e-con-boxed lakit-col-width-auto-no e-container e-root-container elementor-top-section e-con e-parent\" data-id=\"ab600cb\" data-element_type=\"container\" data-e-type=\"container\">\n\t\t\t\t\t<div class=\"e-con-inner\">\n\t\t\t\t<div class=\"elementor-element elementor-element-e3d5d96 enable-c-height-true bannerlist--preset-default elementor-widget lastudio-kit elementor-lakit-banner-list\" data-id=\"e3d5d96\" data-element_type=\"widget\" data-e-type=\"widget\" data-widget_type=\"lakit-banner-list.default\">\n\t\t\t\t\t\n<div class=\"lakit-bannerlist layout-type-flat preset-default\" data-item_selector=\".lakit-bannerlist__item\" >\n        <div class=\"lakit-bannerlist__list_wrapper\">\n        <div class=\"lakit-bannerlist__list col-row\">\n            <div class=\"elementor-repeater-item-a1f57dc lakit-bannerlist__item col-desk-3 col-lap-3 col-tab-3 col-tabp-3\"><div class=\"lakit-bannerlist__inner\"><div class=\"lakit-bannerlist__link\"><div class=\"lakit-bannerlist__image\"><img loading=\"lazy\" decoding=\"async\" src=\"https:\/\/grupobyild.com.br\/wp-content\/uploads\/2024\/05\/banners-site3.png\" loading=\"lazy\" class=\"lakit-bannerlist__image-instance\" width=\"862\" height=\"796\" alt=\"\" style=\"--img-height:796px\"><\/div><div class=\"lakit-bannerlist__content\"><div class=\"lakit-bannerlist__content-inner\"><div class=\"lakit-bannerlist__title\" data-title=\"Nossa miss\u00e3o\">Nossa miss\u00e3o<\/div><div class=\"lakit-bannerlist__desc\"><h5>Promover autonomia<\/h5><\/div><div class=\"lakit-bannerlist__subdesc\">Nossa miss\u00e3o \u00e9 investir continuamente na qualidade dos nossos produtos para oferecer os melhores resultados aos nossos clientes. Acreditamos que todos merecem viver com dignidade, autonomia e liberdade, independentemente de suas condi\u00e7\u00f5es de sa\u00fade. <\/div><\/div><\/div><\/div><\/div><\/div><div class=\"elementor-repeater-item-377e50c lakit-bannerlist__item col-desk-3 col-lap-3 col-tab-3 col-tabp-3\"><div class=\"lakit-bannerlist__inner\"><div class=\"lakit-bannerlist__link\"><div class=\"lakit-bannerlist__image\"><img loading=\"lazy\" decoding=\"async\" src=\"https:\/\/grupobyild.com.br\/wp-content\/uploads\/2024\/05\/banners-site9.png\" loading=\"lazy\" class=\"lakit-bannerlist__image-instance\" width=\"862\" height=\"796\" alt=\"\" style=\"--img-height:796px\"><\/div><div class=\"lakit-bannerlist__content\"><div class=\"lakit-bannerlist__content-inner\"><div class=\"lakit-bannerlist__title\" data-title=\"Foco e motiva\u00e7\u00e3o\">Foco e motiva\u00e7\u00e3o<\/div><div class=\"lakit-bannerlist__desc\"><h5>Qualidade e inova\u00e7\u00e3o<\/h5><\/div><div class=\"lakit-bannerlist__subdesc\">No Grupo Byild, a qualidade \u00e9 a nossa prioridade. Cada produto \u00e9 desenvolvido com o mais alto padr\u00e3o de excel\u00eancia, garantindo efic\u00e1cia e seguran\u00e7a. Inovamos constantemente para trazer solu\u00e7\u00f5es que realmente fazem a diferen\u00e7a na vida das pessoas que muitas vezes s\u00e3o negligenciadas.<\/div><\/div><\/div><\/div><\/div><\/div><div class=\"elementor-repeater-item-f4e02e8 lakit-bannerlist__item col-desk-3 col-lap-3 col-tab-3 col-tabp-3\"><div class=\"lakit-bannerlist__inner\"><div class=\"lakit-bannerlist__link\"><div class=\"lakit-bannerlist__image\"><img loading=\"lazy\" decoding=\"async\" src=\"https:\/\/grupobyild.com.br\/wp-content\/uploads\/2024\/05\/valores2.png\" loading=\"lazy\" class=\"lakit-bannerlist__image-instance\" width=\"862\" height=\"796\" alt=\"\" style=\"--img-height:796px\"><\/div><div class=\"lakit-bannerlist__content\"><div class=\"lakit-bannerlist__content-inner\"><div class=\"lakit-bannerlist__title\" data-title=\"Respeito ao cliente\">Respeito ao cliente<\/div><div class=\"lakit-bannerlist__desc\"><h5>Total comprometimento<\/h5><\/div><div class=\"lakit-bannerlist__subdesc\">A linha BYLDCARE \u00e9 a materializa\u00e7\u00e3o do nosso compromisso com a sa\u00fade dermatol\u00f3gica. Cada produto \u00e9 formulado para proporcionar os melhores resultados.\nQueremos que nossos clientes se sintam seguros e cuidados, sabendo que podem contar com a efic\u00e1cia dos nossos produtos.<\/div><\/div><\/div><\/div><\/div><\/div>        <\/div>\n    <\/div>\n    <\/div>\t\t\t\t<\/div>\n\t\t\t\t\t<\/div>\n\t\t\t\t<\/div>\n\t\t<div class=\"elementor-element elementor-element-0d031d5 e-flex e-con-boxed lakit-col-width-auto-no e-container e-root-container elementor-top-section e-con e-parent\" data-id=\"0d031d5\" data-element_type=\"container\" data-e-type=\"container\" data-settings=\"{&quot;background_background&quot;:&quot;classic&quot;}\">\n\t\t\t\t\t<div class=\"e-con-inner\">\n\t\t<div class=\"elementor-element elementor-element-1a1618d e-con-full e-flex lakit-col-width-auto-no e-container e-con e-child\" data-id=\"1a1618d\" data-element_type=\"container\" data-e-type=\"container\">\n\t\t\t\t<div class=\"elementor-element elementor-element-8f942de elementor-widget elementor-widget-heading\" data-id=\"8f942de\" data-element_type=\"widget\" data-e-type=\"widget\" data-widget_type=\"heading.default\">\n\t\t\t\t<div class=\"elementor-widget-container\">\n\t\t\t\t\t<h2 class=\"elementor-heading-title elementor-size-default\">Porque existimos?<\/h2>\t\t\t\t<\/div>\n\t\t\t\t<\/div>\n\t\t\t\t<div class=\"elementor-element elementor-element-6c24def elementor-widget__width-initial elementor-absolute elementor-widget elementor-widget-image\" data-id=\"6c24def\" data-element_type=\"widget\" data-e-type=\"widget\" data-settings=\"{&quot;_position&quot;:&quot;absolute&quot;}\" data-widget_type=\"image.default\">\n\t\t\t\t<div class=\"elementor-widget-container\">\n\t\t\t\t\t\t\t\t\t\t\t\t\t\t\t<img decoding=\"async\" width=\"248\" height=\"221\" src=\"https:\/\/grupobyild.com.br\/wp-content\/uploads\/2024\/05\/m2-access-7.png\" class=\"attachment-full size-full wp-image-1903\" alt=\"\" \/>\t\t\t\t\t\t\t\t\t\t\t\t\t\t\t<\/div>\n\t\t\t\t<\/div>\n\t\t\t\t<div class=\"elementor-element elementor-element-32d269e elementor-widget__width-initial elementor-widget elementor-widget-text-editor\" data-id=\"32d269e\" data-element_type=\"widget\" data-e-type=\"widget\" data-widget_type=\"text-editor.default\">\n\t\t\t\t<div class=\"elementor-widget-container\">\n\t\t\t\t\t\t\t\t\t<p>Para fornecer as melhores solu\u00e7\u00f5es e produtos que ajudam as pessoas acamadas a alcan\u00e7arem uma melhor qualidade de vida, carregamos em nosso DNA a responsabilidade e a disposi\u00e7\u00e3o para cuidar, proteger e promover assist\u00eancia de forma confi\u00e1vel e segura.<!-- notionvc: 2b3a91f4-3122-43f1-bd0b-5a1bf4f05258 --><\/p>\t\t\t\t\t\t\t\t<\/div>\n\t\t\t\t<\/div>\n\t\t\t\t<\/div>\n\t\t\t\t\t<\/div>\n\t\t\t\t<\/div>\n\t\t<div class=\"elementor-element elementor-element-afc9139 e-flex e-con-boxed lakit-col-width-auto-no e-container e-root-container elementor-top-section e-con e-parent\" data-id=\"afc9139\" data-element_type=\"container\" data-e-type=\"container\">\n\t\t\t\t\t<div class=\"e-con-inner\">\n\t\t<div class=\"elementor-element elementor-element-28919083 e-con-full e-flex lakit-col-width-auto-no e-container e-con e-child\" data-id=\"28919083\" data-element_type=\"container\" data-e-type=\"container\" data-settings=\"{&quot;background_background&quot;:&quot;classic&quot;}\">\n\t\t\t\t<div class=\"elementor-element elementor-element-53959eab elementor-widget elementor-widget-heading\" data-id=\"53959eab\" data-element_type=\"widget\" data-e-type=\"widget\" data-widget_type=\"heading.default\">\n\t\t\t\t<div class=\"elementor-widget-container\">\n\t\t\t\t\t<div class=\"elementor-heading-title elementor-size-default\"><strong>Oferecemos atendimento personalizado para tirar suas d\u00favidas<\/strong><\/div>\t\t\t\t<\/div>\n\t\t\t\t<\/div>\n\t\t\t\t<div class=\"elementor-element elementor-element-62c533e elementor-widget elementor-widget-spacer\" data-id=\"62c533e\" data-element_type=\"widget\" data-e-type=\"widget\" data-widget_type=\"spacer.default\">\n\t\t\t\t<div class=\"elementor-widget-container\">\n\t\t\t\t\t\t\t<div class=\"elementor-spacer\">\n\t\t\t<div class=\"elementor-spacer-inner\"><\/div>\n\t\t<\/div>\n\t\t\t\t\t\t<\/div>\n\t\t\t\t<\/div>\n\t\t\t\t<div class=\"elementor-element elementor-element-7f08da3 elementor-widget elementor-widget-button\" data-id=\"7f08da3\" data-element_type=\"widget\" data-e-type=\"widget\" data-widget_type=\"button.default\">\n\t\t\t\t<div class=\"elementor-widget-container\">\n\t\t\t\t\t\t\t\t\t<div class=\"elementor-button-wrapper\">\n\t\t\t\t\t<a class=\"elementor-button elementor-button-link elementor-size-sm\" href=\"https:\/\/grupobyild.com.br\/index.php\/contato\/\">\n\t\t\t\t\t\t<span class=\"elementor-button-content-wrapper\">\n\t\t\t\t\t\t\t\t\t<span class=\"elementor-button-text\">ENTRAR EM CONTATO<\/span>\n\t\t\t\t\t<\/span>\n\t\t\t\t\t<\/a>\n\t\t\t\t<\/div>\n\t\t\t\t\t\t\t\t<\/div>\n\t\t\t\t<\/div>\n\t\t\t\t<\/div>\n\t\t<div class=\"elementor-element elementor-element-71d56c7d e-con-full e-flex lakit-col-width-auto-no e-container e-con e-child\" data-id=\"71d56c7d\" data-element_type=\"container\" data-e-type=\"container\" data-settings=\"{&quot;background_background&quot;:&quot;classic&quot;}\">\n\t\t<div class=\"elementor-element elementor-element-2e55fa0b e-con-full e-flex lakit-col-width-auto-no e-container e-con e-child\" data-id=\"2e55fa0b\" data-element_type=\"container\" data-e-type=\"container\" data-settings=\"{&quot;position&quot;:&quot;absolute&quot;}\">\n\t\t\t\t<div class=\"elementor-element elementor-element-6c35875a elementor-widget elementor-widget-heading\" data-id=\"6c35875a\" data-element_type=\"widget\" data-e-type=\"widget\" data-widget_type=\"heading.default\">\n\t\t\t\t<div class=\"elementor-widget-container\">\n\t\t\t\t\t<h4 class=\"elementor-heading-title elementor-size-default\"><a href=\"#\">Atendimento\nPremium<\/a><\/h4>\t\t\t\t<\/div>\n\t\t\t\t<\/div>\n\t\t\t\t<\/div>\n\t\t<div class=\"elementor-element elementor-element-79991028 e-con-full e-flex lakit-col-width-auto-no e-container e-con e-child\" data-id=\"79991028\" data-element_type=\"container\" data-e-type=\"container\">\n\t\t\t\t<div class=\"elementor-element elementor-element-7cf4d549 elementor-widget elementor-widget-image\" data-id=\"7cf4d549\" data-element_type=\"widget\" data-e-type=\"widget\" data-widget_type=\"image.default\">\n\t\t\t\t<div class=\"elementor-widget-container\">\n\t\t\t\t\t\t\t\t\t\t\t\t\t\t\t\t<a href=\"\/shop\/\">\n\t\t\t\t\t\t\t<img decoding=\"async\" width=\"729\" height=\"269\" src=\"https:\/\/grupobyild.com.br\/wp-content\/uploads\/2024\/05\/BYILD-1.png\" class=\"attachment-full size-full wp-image-2569\" alt=\"\" \/>\t\t\t\t\t\t\t\t<\/a>\n\t\t\t\t\t\t\t\t\t\t\t\t\t\t\t<\/div>\n\t\t\t\t<\/div>\n\t\t\t\t<\/div>\n\t\t\t\t<\/div>\n\t\t\t\t\t<\/div>\n\t\t\t\t<\/div>\n\t\t<div class=\"elementor-element elementor-element-5c4a264 e-con-full e-flex lakit-col-width-auto-no e-container e-root-container elementor-top-section e-con e-parent\" data-id=\"5c4a264\" data-element_type=\"container\" data-e-type=\"container\">\n\t\t\t\t<div class=\"elementor-element elementor-element-5ff310b elementor-widget-divider--view-line elementor-widget elementor-widget-divider\" data-id=\"5ff310b\" data-element_type=\"widget\" data-e-type=\"widget\" data-widget_type=\"divider.default\">\n\t\t\t\t<div class=\"elementor-widget-container\">\n\t\t\t\t\t\t\t<div class=\"elementor-divider\">\n\t\t\t<span class=\"elementor-divider-separator\">\n\t\t\t\t\t\t<\/span>\n\t\t<\/div>\n\t\t\t\t\t\t<\/div>\n\t\t\t\t<\/div>\n\t\t\t\t<\/div>\n\t\t\t\t<\/div>\n\t\t","protected":false},"excerpt":{"rendered":"<p>Sa\u00fade acess\u00edvel para a pele de todos Quem somos? Somos uma marca inovadora dedicada a transformar vidas atrav\u00e9s de produtos de sa\u00fade de alta qualidade. Nossa jornada come\u00e7ou com um prop\u00f3sito claro e transformador: restaurar o equil\u00edbrio essencial da sa\u00fade dermatol\u00f3gica na vida de pessoas idosas, acamadas, cadeirantes e diab\u00e9ticas.\u00a0 Atuamos&hellip;<\/p>\n","protected":false},"author":1,"featured_media":0,"parent":0,"menu_order":0,"comment_status":"closed","ping_status":"closed","template":"elementor_header_footer","meta":{"footnotes":""},"class_list":["post-859","page","type-page","status-publish","hentry"],"_links":{"self":[{"href":"https:\/\/grupobyild.com.br\/index.php\/wp-json\/wp\/v2\/pages\/859","targetHints":{"allow":["GET"]}}],"collection":[{"href":"https:\/\/grupobyild.com.br\/index.php\/wp-json\/wp\/v2\/pages"}],"about":[{"href":"https:\/\/grupobyild.com.br\/index.php\/wp-json\/wp\/v2\/types\/page"}],"author":[{"embeddable":true,"href":"https:\/\/grupobyild.com.br\/index.php\/wp-json\/wp\/v2\/users\/1"}],"replies":[{"embeddable":true,"href":"https:\/\/grupobyild.com.br\/index.php\/wp-json\/wp\/v2\/comments?post=859"}],"version-history":[{"count":92,"href":"https:\/\/grupobyild.com.br\/index.php\/wp-json\/wp\/v2\/pages\/859\/revisions"}],"predecessor-version":[{"id":4173,"href":"https:\/\/grupobyild.com.br\/index.php\/wp-json\/wp\/v2\/pages\/859\/revisions\/4173"}],"wp:attachment":[{"href":"https:\/\/grupobyild.com.br\/index.php\/wp-json\/wp\/v2\/media?parent=859"}],"curies":[{"name":"wp","href":"https:\/\/api.w.org\/{rel}","templated":true}]}}